{"id":5671,"date":"2018-03-08T16:41:32","date_gmt":"2018-03-08T16:41:32","guid":{"rendered":"https:\/\/naturalife.rtthemes.com\/demo\/?page_id=5671"},"modified":"2021-07-27T21:47:35","modified_gmt":"2021-07-27T21:47:35","slug":"saiba","status":"publish","type":"page","link":"https:\/\/agiagro.agr.br\/site\/saiba\/","title":{"rendered":"Voc\u00ea Sabia?"},"content":{"rendered":"\t\t<div data-elementor-type=\"wp-page\" data-elementor-id=\"5671\" class=\"elementor elementor-5671\">\n\t\t\t\t\t\t<section class=\"elementor-section elementor-top-section elementor-element elementor-element-8f01030 elementor-section-boxed elementor-section-height-default elementor-section-height-default\" data-id=\"8f01030\" data-element_type=\"section\">\n\t\t\t\t\t\t\t<div class=\"elementor-background-overlay\"><\/div>\n\t\t\t\t\t\t\t<div class=\"elementor-container elementor-column-gap-default\">\n\t\t\t\t\t<div class=\"elementor-column elementor-col-100 elementor-top-column elementor-element elementor-element-c0eac6f\" data-id=\"c0eac6f\" data-element_type=\"column\">\n\t\t\t<div class=\"elementor-widget-wrap elementor-element-populated\">\n\t\t\t\t\t\t<div class=\"elementor-element elementor-element-26c426d elementor-widget elementor-widget-video\" data-id=\"26c426d\" data-element_type=\"widget\" data-settings=\"{&quot;youtube_url&quot;:&quot;https:\\\/\\\/www.youtube.com\\\/https:\\\/\\\/www.youtube.com\\\/watch?v=q07_pcD0UdI&amp;t=2s?v=XHOmBV4js_E&quot;,&quot;video_type&quot;:&quot;youtube&quot;,&quot;controls&quot;:&quot;yes&quot;}\" data-widget_type=\"video.default\">\n\t\t\t\t<div class=\"elementor-widget-container\">\n\t\t\t\t\t<div class=\"elementor-wrapper elementor-open-inline\">\n\t\t\t<div class=\"elementor-video\"><\/div>\t\t<\/div>\n\t\t\t\t<\/div>\n\t\t\t\t<\/div>\n\t\t\t\t\t<\/div>\n\t\t<\/div>\n\t\t\t\t\t<\/div>\n\t\t<\/section>\n\t\t\t\t<section class=\"elementor-section elementor-top-section elementor-element elementor-element-06b82e0 elementor-section-boxed elementor-section-height-default elementor-section-height-default\" data-id=\"06b82e0\" data-element_type=\"section\">\n\t\t\t\t\t\t<div class=\"elementor-container elementor-column-gap-default\">\n\t\t\t\t\t<div class=\"elementor-column elementor-col-50 elementor-top-column elementor-element elementor-element-6082568\" data-id=\"6082568\" data-element_type=\"column\">\n\t\t\t<div class=\"elementor-widget-wrap elementor-element-populated\">\n\t\t\t\t\t\t<div class=\"elementor-element elementor-element-cbc5c35 elementor-widget elementor-widget-heading\" data-id=\"cbc5c35\" data-element_type=\"widget\" data-widget_type=\"heading.default\">\n\t\t\t\t<div class=\"elementor-widget-container\">\n\t\t\t<h2 class=\"elementor-heading-title elementor-size-default\">Veja a Reportagem sobre o<\/h2>\t\t<\/div>\n\t\t\t\t<\/div>\n\t\t\t\t<div class=\"elementor-element elementor-element-296c890 elementor-widget elementor-widget-image\" data-id=\"296c890\" data-element_type=\"widget\" data-widget_type=\"image.default\">\n\t\t\t\t<div class=\"elementor-widget-container\">\n\t\t\t\t\t\t\t\t\t\t\t\t\t<img fetchpriority=\"high\" decoding=\"async\" width=\"1024\" height=\"661\" src=\"https:\/\/agiagro.agr.br\/site\/wp-content\/uploads\/2021\/07\/arte-materia-1024x661.jpg\" class=\"attachment-large size-large wp-image-7355\" alt=\"\" srcset=\"https:\/\/agiagro.agr.br\/site\/wp-content\/uploads\/2021\/07\/arte-materia-1024x661.jpg 1024w, https:\/\/agiagro.agr.br\/site\/wp-content\/uploads\/2021\/07\/arte-materia-300x194.jpg 300w, https:\/\/agiagro.agr.br\/site\/wp-content\/uploads\/2021\/07\/arte-materia-768x496.jpg 768w, https:\/\/agiagro.agr.br\/site\/wp-content\/uploads\/2021\/07\/arte-materia-628x405.jpg 628w, https:\/\/agiagro.agr.br\/site\/wp-content\/uploads\/2021\/07\/arte-materia-1220x787.jpg 1220w, https:\/\/agiagro.agr.br\/site\/wp-content\/uploads\/2021\/07\/arte-materia-915x590.jpg 915w, https:\/\/agiagro.agr.br\/site\/wp-content\/uploads\/2021\/07\/arte-materia-600x387.jpg 600w, https:\/\/agiagro.agr.br\/site\/wp-content\/uploads\/2021\/07\/arte-materia-393x254.jpg 393w, https:\/\/agiagro.agr.br\/site\/wp-content\/uploads\/2021\/07\/arte-materia-290x187.jpg 290w, https:\/\/agiagro.agr.br\/site\/wp-content\/uploads\/2021\/07\/arte-materia.jpg 1257w\" sizes=\"(max-width: 1024px) 100vw, 1024px\" \/>\t\t\t\t\t\t\t\t\t\t\t\t\t<\/div>\n\t\t\t\t<\/div>\n\t\t\t\t<div class=\"elementor-element elementor-element-13e82be elementor-align-center elementor-widget elementor-widget-button\" data-id=\"13e82be\" data-element_type=\"widget\" data-widget_type=\"button.default\">\n\t\t\t\t<div class=\"elementor-widget-container\">\n\t\t\t\t\t\t\t<div class=\"elementor-button-wrapper\">\n\t\t\t\t\t<a class=\"elementor-button elementor-button-link elementor-size-sm\" href=\"https:\/\/drive.google.com\/file\/d\/1Z35aWr7MElWJYgcO_68_zNOZ4H58wvYm\/view?usp=sharing\">\n\t\t\t\t\t\t<span class=\"elementor-button-content-wrapper\">\n\t\t\t\t\t\t\t\t\t<span class=\"elementor-button-text\">Clique Aqui<\/span>\n\t\t\t\t\t<\/span>\n\t\t\t\t\t<\/a>\n\t\t\t\t<\/div>\n\t\t\t\t\t\t<\/div>\n\t\t\t\t<\/div>\n\t\t\t\t\t<\/div>\n\t\t<\/div>\n\t\t\t\t<div class=\"elementor-column elementor-col-50 elementor-top-column elementor-element elementor-element-8e230b6\" data-id=\"8e230b6\" data-element_type=\"column\">\n\t\t\t<div class=\"elementor-widget-wrap elementor-element-populated\">\n\t\t\t\t\t\t<div class=\"elementor-element elementor-element-a69af87 elementor-widget elementor-widget-heading\" data-id=\"a69af87\" data-element_type=\"widget\" data-widget_type=\"heading.default\">\n\t\t\t\t<div class=\"elementor-widget-container\">\n\t\t\t<h2 class=\"elementor-heading-title elementor-size-default\">Veja a Reportagem sobre o<\/h2>\t\t<\/div>\n\t\t\t\t<\/div>\n\t\t\t\t<div class=\"elementor-element elementor-element-3491403 elementor-widget elementor-widget-image\" data-id=\"3491403\" data-element_type=\"widget\" data-widget_type=\"image.default\">\n\t\t\t\t<div class=\"elementor-widget-container\">\n\t\t\t\t\t\t\t\t\t\t\t\t\t<img decoding=\"async\" width=\"1024\" height=\"661\" src=\"https:\/\/agiagro.agr.br\/site\/wp-content\/uploads\/2021\/07\/arte-materia-2-1024x661.jpg\" class=\"attachment-large size-large wp-image-7354\" alt=\"\" srcset=\"https:\/\/agiagro.agr.br\/site\/wp-content\/uploads\/2021\/07\/arte-materia-2-1024x661.jpg 1024w, https:\/\/agiagro.agr.br\/site\/wp-content\/uploads\/2021\/07\/arte-materia-2-300x194.jpg 300w, https:\/\/agiagro.agr.br\/site\/wp-content\/uploads\/2021\/07\/arte-materia-2-768x496.jpg 768w, https:\/\/agiagro.agr.br\/site\/wp-content\/uploads\/2021\/07\/arte-materia-2-628x405.jpg 628w, https:\/\/agiagro.agr.br\/site\/wp-content\/uploads\/2021\/07\/arte-materia-2-1220x787.jpg 1220w, https:\/\/agiagro.agr.br\/site\/wp-content\/uploads\/2021\/07\/arte-materia-2-915x590.jpg 915w, https:\/\/agiagro.agr.br\/site\/wp-content\/uploads\/2021\/07\/arte-materia-2-600x387.jpg 600w, https:\/\/agiagro.agr.br\/site\/wp-content\/uploads\/2021\/07\/arte-materia-2-393x254.jpg 393w, https:\/\/agiagro.agr.br\/site\/wp-content\/uploads\/2021\/07\/arte-materia-2-290x187.jpg 290w, https:\/\/agiagro.agr.br\/site\/wp-content\/uploads\/2021\/07\/arte-materia-2.jpg 1257w\" sizes=\"(max-width: 1024px) 100vw, 1024px\" \/>\t\t\t\t\t\t\t\t\t\t\t\t\t<\/div>\n\t\t\t\t<\/div>\n\t\t\t\t<div class=\"elementor-element elementor-element-439779a elementor-align-center elementor-widget elementor-widget-button\" data-id=\"439779a\" data-element_type=\"widget\" data-widget_type=\"button.default\">\n\t\t\t\t<div class=\"elementor-widget-container\">\n\t\t\t\t\t\t\t<div class=\"elementor-button-wrapper\">\n\t\t\t\t\t<a class=\"elementor-button elementor-button-link elementor-size-sm\" href=\"https:\/\/drive.google.com\/file\/d\/1OMlZZg5L0GCSaNk4Ct_rPGk8z0BLi1z9\/view?usp=sharing\">\n\t\t\t\t\t\t<span class=\"elementor-button-content-wrapper\">\n\t\t\t\t\t\t\t\t\t<span class=\"elementor-button-text\">Clique Aqui<\/span>\n\t\t\t\t\t<\/span>\n\t\t\t\t\t<\/a>\n\t\t\t\t<\/div>\n\t\t\t\t\t\t<\/div>\n\t\t\t\t<\/div>\n\t\t\t\t\t<\/div>\n\t\t<\/div>\n\t\t\t\t\t<\/div>\n\t\t<\/section>\n\t\t\t\t<section class=\"elementor-section elementor-top-section elementor-element elementor-element-c22b476 elementor-section-boxed elementor-section-height-default elementor-section-height-default\" data-id=\"c22b476\" data-element_type=\"section\">\n\t\t\t\t\t\t\t<div class=\"elementor-background-overlay\"><\/div>\n\t\t\t\t\t\t\t<div class=\"elementor-container elementor-column-gap-default\">\n\t\t\t\t\t<div class=\"elementor-column elementor-col-100 elementor-top-column elementor-element elementor-element-f3ba1f9\" data-id=\"f3ba1f9\" data-element_type=\"column\">\n\t\t\t<div class=\"elementor-widget-wrap elementor-element-populated\">\n\t\t\t\t\t\t<div class=\"elementor-element elementor-element-89d81d9 elementor-widget elementor-widget-heading\" data-id=\"89d81d9\" data-element_type=\"widget\" data-widget_type=\"heading.default\">\n\t\t\t\t<div class=\"elementor-widget-container\">\n\t\t\t<h2 class=\"elementor-heading-title elementor-size-default\">Assista esse v\u00eddeo e veja o porque deve investir no AGRO Sustent\u00e1vel<\/h2>\t\t<\/div>\n\t\t\t\t<\/div>\n\t\t\t\t<div class=\"elementor-element elementor-element-17726a4 elementor-widget elementor-widget-video\" data-id=\"17726a4\" data-element_type=\"widget\" data-settings=\"{&quot;youtube_url&quot;:&quot;https:\\\/\\\/www.youtube.com\\\/watch?v=clsLj7a8zW4&quot;,&quot;video_type&quot;:&quot;youtube&quot;,&quot;controls&quot;:&quot;yes&quot;}\" data-widget_type=\"video.default\">\n\t\t\t\t<div class=\"elementor-widget-container\">\n\t\t\t\t\t<div class=\"elementor-wrapper elementor-open-inline\">\n\t\t\t<div class=\"elementor-video\"><\/div>\t\t<\/div>\n\t\t\t\t<\/div>\n\t\t\t\t<\/div>\n\t\t\t\t<div class=\"elementor-element elementor-element-d37ab70 elementor-widget elementor-widget-image\" data-id=\"d37ab70\" data-element_type=\"widget\" data-widget_type=\"image.default\">\n\t\t\t\t<div class=\"elementor-widget-container\">\n\t\t\t\t\t\t\t\t\t\t\t\t\t<img decoding=\"async\" width=\"765\" height=\"271\" src=\"https:\/\/agiagro.agr.br\/site\/wp-content\/uploads\/2021\/07\/Gif-da-Familia-agricultura.gif\" class=\"attachment-large size-large wp-image-7004\" alt=\"\" \/>\t\t\t\t\t\t\t\t\t\t\t\t\t<\/div>\n\t\t\t\t<\/div>\n\t\t\t\t\t<\/div>\n\t\t<\/div>\n\t\t\t\t\t<\/div>\n\t\t<\/section>\n\t\t\t\t<section class=\"elementor-section elementor-top-section elementor-element elementor-element-32f75e3 elementor-section-boxed elementor-section-height-default elementor-section-height-default\" data-id=\"32f75e3\" data-element_type=\"section\">\n\t\t\t\t\t\t<div class=\"elementor-container elementor-column-gap-default\">\n\t\t\t\t\t<div class=\"elementor-column elementor-col-100 elementor-top-column elementor-element elementor-element-267afadf\" data-id=\"267afadf\" data-element_type=\"column\">\n\t\t\t<div class=\"elementor-widget-wrap elementor-element-populated\">\n\t\t\t\t\t\t<div class=\"elementor-element elementor-element-ccb272c elementor-widget elementor-widget-heading\" data-id=\"ccb272c\" data-element_type=\"widget\" data-widget_type=\"heading.default\">\n\t\t\t\t<div class=\"elementor-widget-container\">\n\t\t\t<h2 class=\"elementor-heading-title elementor-size-default\">Tire Suas D\u00favidas<\/h2>\t\t<\/div>\n\t\t\t\t<\/div>\n\t\t\t\t\t<\/div>\n\t\t<\/div>\n\t\t\t\t\t<\/div>\n\t\t<\/section>\n\t\t\t\t<section class=\"elementor-section elementor-top-section elementor-element elementor-element-54a34ee elementor-section-boxed elementor-section-height-default elementor-section-height-default\" data-id=\"54a34ee\" data-element_type=\"section\">\n\t\t\t\t\t\t<div class=\"elementor-container elementor-column-gap-default\">\n\t\t\t\t\t<div class=\"elementor-column elementor-col-100 elementor-top-column elementor-element elementor-element-0a61fe7\" data-id=\"0a61fe7\" data-element_type=\"column\">\n\t\t\t<div class=\"elementor-widget-wrap elementor-element-populated\">\n\t\t\t\t\t\t<div class=\"elementor-element elementor-element-9330759 elementor-widget elementor-widget-heading\" data-id=\"9330759\" data-element_type=\"widget\" data-widget_type=\"heading.default\">\n\t\t\t\t<div class=\"elementor-widget-container\">\n\t\t\t<h2 class=\"elementor-heading-title elementor-size-default\">Fique por dentro<\/h2>\t\t<\/div>\n\t\t\t\t<\/div>\n\t\t\t\t\t<\/div>\n\t\t<\/div>\n\t\t\t\t\t<\/div>\n\t\t<\/section>\n\t\t\t\t<section class=\"elementor-section elementor-top-section elementor-element elementor-element-4c0eaf6 elementor-section-boxed elementor-section-height-default elementor-section-height-default\" data-id=\"4c0eaf6\" data-element_type=\"section\">\n\t\t\t\t\t\t<div class=\"elementor-container elementor-column-gap-wide\">\n\t\t\t\t\t<div class=\"elementor-column elementor-col-33 elementor-top-column elementor-element elementor-element-ccff884\" data-id=\"ccff884\" data-element_type=\"column\">\n\t\t\t<div class=\"elementor-widget-wrap\">\n\t\t\t\t\t\t\t<\/div>\n\t\t<\/div>\n\t\t\t\t<div class=\"elementor-column elementor-col-33 elementor-top-column elementor-element elementor-element-0c54e18\" data-id=\"0c54e18\" data-element_type=\"column\">\n\t\t\t<div class=\"elementor-widget-wrap\">\n\t\t\t\t\t\t\t<\/div>\n\t\t<\/div>\n\t\t\t\t<div class=\"elementor-column elementor-col-33 elementor-top-column elementor-element elementor-element-419e5c4\" data-id=\"419e5c4\" data-element_type=\"column\">\n\t\t\t<div class=\"elementor-widget-wrap\">\n\t\t\t\t\t\t\t<\/div>\n\t\t<\/div>\n\t\t\t\t\t<\/div>\n\t\t<\/section>\n\t\t\t\t<\/div>\n\t\t","protected":false},"excerpt":{"rendered":"<p>https:\/\/www.youtube.com\/https:\/\/www.youtube.com\/watch?v=q07_pcD0UdI&#038;t=2s?v=XHOmBV4js_E Veja a Reportagem sobre o Clique Aqui Veja a Reportagem sobre o Clique Aqui Assista esse v\u00eddeo e veja o porque deve investir no AGRO Sustent\u00e1vel Tire Suas D\u00favidas O que \u00e9 Agroneg\u00f3cio? Agroneg\u00f3cio ou Agribusiness, nada mais \u00e9 do que a jun\u00e7\u00e3o de in\u00fameras atividades que envolvem de forma direta e indiretamente, toda [&hellip;]<\/p>\n","protected":false},"author":1,"featured_media":0,"parent":0,"menu_order":0,"comment_status":"closed","ping_status":"closed","template":"","meta":{"footnotes":""},"class_list":["post-5671","page","type-page","status-publish","hentry"],"_links":{"self":[{"href":"https:\/\/agiagro.agr.br\/site\/wp-json\/wp\/v2\/pages\/5671"}],"collection":[{"href":"https:\/\/agiagro.agr.br\/site\/wp-json\/wp\/v2\/pages"}],"about":[{"href":"https:\/\/agiagro.agr.br\/site\/wp-json\/wp\/v2\/types\/page"}],"author":[{"embeddable":true,"href":"https:\/\/agiagro.agr.br\/site\/wp-json\/wp\/v2\/users\/1"}],"replies":[{"embeddable":true,"href":"https:\/\/agiagro.agr.br\/site\/wp-json\/wp\/v2\/comments?post=5671"}],"version-history":[{"count":46,"href":"https:\/\/agiagro.agr.br\/site\/wp-json\/wp\/v2\/pages\/5671\/revisions"}],"predecessor-version":[{"id":7373,"href":"https:\/\/agiagro.agr.br\/site\/wp-json\/wp\/v2\/pages\/5671\/revisions\/7373"}],"wp:attachment":[{"href":"https:\/\/agiagro.agr.br\/site\/wp-json\/wp\/v2\/media?parent=5671"}],"curies":[{"name":"wp","href":"https:\/\/api.w.org\/{rel}","templated":true}]}}